uppose g + 4*q - 2 = 0, 0*g + j*q = 5*g - 10. Give h(g).
3
Let p(q) = q**3 + 5*q**2 + q + 7. Let v(g) = -g - 14. Let c(k) = k + 13. Suppose -3*j = j - 24. Let d(u) = j*c(u) + 5*v(u). Let b be d(-13). Give p(b).
2
Let x = 3 - -1. Let j(z) = -4*z - z + 3*z + 4. Give j(x).
-4
Let l(r) be the second derivative of r**3/6 - 5*r**2 - 13*r. Calculate l(6).
-4
Let a be (1 - 0)/(2/((-32)/(-4))). Let b(s) = s**2 - 4*s + 1. Calculate b(a).
1
Let v be 2 - (2/2 + 0). Suppose 0 = 2*k - 1 - v. Let m(y) = 5*y**3 - y**2 + y - 1. Give m(k).
4
Suppose -4*q = -4*z, 5*q - 3 = 3*z + 5. Let p(k) be the third derivative of -2*k**2 + 0*k + 0 + 0*k**3 + 1/12*k**q. What is p(-5)?
-10
Let w(n) = -n + 1. Let k(p) be the second derivative of -p**3/3 + 4*p**2 + 4*p. Let x(d) = k(d) - w(d). What is x(5)?
2
Let u(m) = m - 2. Let w(f) = -1. Let b(a) = u(a) - 2*w(a). What is b(1)?
1
Let m(y) = -3*y + 3*y + y - 6. Let o(g) = -6*g. Let h be o(-1). Suppose 0 = 3*n - h - 9. What is m(n)?
-1
Let a(b) = b**3 + b + 4. Let u be a(0). Suppose 4*g = -3*l - u, 9*l + 4 = 4*l - 4*g. Let i(d) = -2 + 0*d - d**2 + d**3 - 3*d + 4*d. Give i(l).
-2
Suppose -5*c - 6 = j - 3, 9 = 3*j - 3*c. Let u(m) = m**2 - 6*m - 7. Let o(i) = 2*i**2 - 13*i - 15. Let l(t) = -6*o(t) + 13*u(t). Give l(j).
3
Let y(g) be the second derivative of g**3/3 - 2*g**2 + 12*g. Determine y(4).
4
Let r(j) = 2*j + 4. Let h(o) = 3*o + 5. Let m(i) = -3*h(i) + 4*r(i). Calculate m(6).
-5
Let x(c) = -2*c - 3. Let i be (-95)/35 - 5/((-105)/(-6)). Give x(i).
3
Let c(x) be the third derivative of -x**6/120 + 7*x**5/60 - x**4/12 + 3*x**3/2 - 10*x**2. What is c(7)?
-5
Suppose 5*n + 30 = 10*n. Let h(s) = s**2 - 8*s + 9. Give h(n).
-3
Let u = 7 + -13. Let d be (12/10)/(u/(-20)). Let h(j) = -j**3 + 2*j**2 + 6*j - 5. Calculate h(d).
-13
Let l(k) be the third derivative of k**7/5040 + k**6/120 + k**5/60 - k**2. Let n(c) be the third derivative of l(c). Let m be 2/(-4)*(2 + -2). Calculate n(m).
6
Let s(d) be the first derivative of 2*d**3/3 + d**2 - d + 1. Let v = -25 + 15. Let b = v + 8. Give s(b).
3
Let j = 1 - 0. Let s be 0/1 + j + 1. Let f(y) = 2*y**3 - 4*y**2 + 2*y. Give f(s).
4
Suppose 2*a = 3*f + 8, f - 1 = 2*a - 5. Let l(c) = a + 0*c**2 + 7*c**3 + 5*c**2 - 8*c**3. Give l(5).
1
Let m(h) = -4*h + 3. Let x(p) be the second derivative of p**3/6 - p**2/2 + 2*p. Let i be x(3). Determine m(i).
-5
Let n(q) be the first derivative of -5 - 3*q - 3/2*q**2. Let v be 3/(30/(-4))*5. Determine n(v).
3
Let o be (-1)/(2 - 1) + 12. Let r(u) = u**2 - u + 9 - o + 10*u**3 + 1. Give r(-1).
-9
Let m(p) = 43*p**3 + 3*p - 3*p**2 - p**2 - 42*p**3 - 1. Give m(2).
-3
Let r(q) = -q**3 - 5*q**2 + 4*q - 2. Suppose -8*n - 48 = -0*n. What is r(n)?
10
Suppose 4*m + 18 = -r - m, -r + 4*m = -18. Let f(j) = -j**2 + 5*j - 2. What is f(r)?
4
Let l(z) = 561*z**2 + 2*z**3 - 563*z**2 - 3*z**3 - 2*z. Give l(-2).
4
Let y(l) be the third derivative of l**4/6 + l**3/6 + 3*l**2. Let c = 1 - 0. What is y(c)?
5
Let k(p) be the first derivative of p**5/40 - p**4/24 - 2*p**3/3 + 2. Let u(h) be the third derivative of k(h). What is u(-2)?
-7
Let x(a) = -3*a**3 - a**2 - a. Let c(j) = j - 1. Let f be c(0). Calculate x(f).
3
Let b(l) = -l**3 - 3*l**2 + 2*l + 9. Let i be b(-3). Let t(r) be the first derivative of 4 + 7/2*r**2 - 1/4*r**4 - 4/3*r**i + 6*r. Calculate t(-5).
-4
Let n = 123 - 69. Let d be (-4)/(-18) + (-120)/n. Let k(r) = r**3 + r. Calculate k(d).
-10
Let i(v) be the second derivative of -2*v**2 - 1/6*v**3 + 0 + 1/4*v**4 + 3*v + 1/20*v**5. What is i(-3)?
-1
Let y(n) = -3*n - 66. Let z be y(-22). Let t(k) = -k**2 + k + 10. Determine t(z).
10
Let x(d) be the second derivative of d**4/12 - 3*d**2/2 + d. Suppose 3*c + 2*c = 35. Suppose 2*n - c + 1 = 3*w, 0 = -3*w - 3*n + 9. Determine x(w).
-3
Let r(b) = -5*b**3 - 4*b**2 + 2*b + 6. Let s(a) = a**3 - 1. Let m(g) = -r(g) - 3*s(g). Give m(-3).
-15
Let j = -12 - -17. Let y(x) = -j*x + 0*x + 3*x. What is y(2)?
-4
Let p = 2 - 1. Let t(k) be the third derivative of -1/6*k**3 + 0*k + 1/60*k**5 + 0*k**4 + 0 - 3*k**2. Calculate t(p).
0
Suppose 5*l = l - 16. Let f(r) = -r + 3. Let u be f(l). Let j(s) = 2*s**2 - u*s - 3 + s + 1 + s + s**3. Determine j(-3).
4
Let n(l) = -l**3 - 12*l**2 - l - 14. Let s be n(-12). Let f(w) = 2*w + 3. Determine f(s).
-1
Let g(o) = o**2 + 3*o - 4. Suppose 0 = 2*m - 4*m - 8. What is g(m)?
0
Let m(n) = n**3 + n**2 - n - 16. Let a = 1 + -1. What is m(a)?
-16
Let q(a) = -a + 1. Let z(i) = 2*i - 1. Let y(w) = 11*q(w) + 6*z(w). Give y(-5).
0
Let f = -9 - -17. Let o(w) = -f*w - w - w + 8*w - 7. Give o(-6).
5
Let w = 3 + -6. Let t(x) = -x - 3. Let q be t(w). Let a(s) = 2 - s**3 + q*s**2 + 0*s**2 - s + s**2 + 0*s**3. Calculate a(2).
-4
Let t(l) = 2*l**3 + 6*l**2 - 2*l - 7. Let k be 15/(-13) - 4/(-26). Let y(q) = -q**3 - q + 1. Let g(x) = k*t(x) - 3*y(x). Determine g(5).
4
Let y(u) = -2*u - 2*u + 7 - u**2 - 3*u + 3*u. What is y(-5)?
2
Suppose 4*d - 33 = -13. Let p(c) = -3 + 5 + 2 - c. Calculate p(d).
-1
Let j(r) = -r - 10. Let d(n) = n**3 + 2*n**2 + 2*n + 1. Let a be d(-1). What is j(a)?
-10
Let a(g) be the third derivative of -g**9/60480 + g**8/3360 - g**7/1260 - g**6/180 - g**5/60 + 3*g**2. Let c(o) be the third derivative of a(o). Determine c(5).
1
Let w(u) = 3*u + 3. Let z = 15 + -18. Give w(z).
-6
Let n be -6 + 11 + -4 - (2 + -3). Let m(r) = r**3 - r**2 - 2*r + 3. Determine m(n).
3
Let h(f) = -3 + 0 + 2*f + f. Let l(z) = 10*z - 10. Let d(i) = 7*h(i) - 2*l(i). Suppose -7 + 3 = 4*u, -3*o + 14 = -2*u. What is d(o)?
3
Suppose -5*f - 12 = -b, -4 = 5*b + 5*f + 26. Let r(q) be the third derivative of q**2 + 0 + 1/6*q**4 + 0*q + 1/60*q**5 - 1/6*q**3. Calculate r(b).
-4
Let a(x) be the third derivative of -x**6/120 + x**5/15 + x**4/3 - x**3/2 - 13*x**2. What is a(5)?
12
Let y(j) = -j**2 - 7*j - 4. Let h = -26 - -21. Give y(h).
6
Let z(k) = -k**3 + 2*k**2 - 2*k - 2. Let q(p) = -p**3 + 5*p**2 + 8*p + 3. Let v be q(6). Let d be (-8)/10*v/(-6). Determine z(d).
-6
Let z(j) = -j + 2. Let p be z(-4). Let i(x) = 0 - 5 + p + 12*x. Suppose -13*f - 3*f - 16 = 0. Determine i(f).
-11
Let c be 1 + ((-2)/1)/2. Let l(p) = -p**3 + p**2 - 5. Determine l(c).
-5
Let c(y) = -y + 2. Let f(t) = 32*t**2 - 14*t - 11. Let b(n) = -11*n**2 + 5*n + 4. Let j(p) = 17*b(p) + 6*f(p). Let u be j(-1). Determine c(u).
-4
Let c(j) = -j**3 + 5*j**2 + 6*j + 2. Let v be c(6). Let p(b) = -3 + 5 - 5*b - 3 + v. Suppose 2*t = -t + 3. Calculate p(t).
-4
Let f(c) = 3*c**2. Let u(z) = -z**2 + 7*z - 5. Suppose 2 = 2*g, -2*o + 0*g + 10 = -2*g. Let h be u(o). What is f(h)?
3
Let j(w) = w**2 + 5*w + 3. Let c be j(-5). Let q(y) = -5*y + c*y + 3*y + y. Calculate q(1).
2
Suppose -4*c - 9 = 7. Let m(b) = -b - b - 5*b**2 - 2*b - b**3. What is m(c)?
0
Let j(s) = -3*s**2 + s - 2. Let p be (-16)/(-6) + 12/(-18). What is j(p)?
-12
Suppose -q - 2*q = -60. Suppose -3*u = -5*z - 1, 2*u + q = 6*u - 2*z. Let i(w) = -w**3 + 6*w**2 + 7*w - 1. Let d be i(u). Let j(c) = c + 1. What is j(d)?
0
Let x = -17 + 25. Let p(q) = -q**3 + 9*q**2 - 10*q + 5. Determine p(x).
-11
Let m(v) be the first derivative of v**5/120 + 7*v**4/24 - 2*v**3/3 - 1. Let o(g) be the third derivative of m(g). Let d = 2 - 6. Calculate o(d).
3
Let m(l) = 3*l + 1. Suppose 2*i = v + 15, -5*v + 5*i = 4*i + 30. Calculate m(v).
-14
Let b(x) = -x**2 - 7*x - 2. Let u be b(-6). Let m(s) = -1 + s + u - 4 - 6. Determine m(0).
-7
Suppose -11 = -4*w + 17. Let y(z) be the third derivative of -z**5/60 + 7*z**4/24 - 2*z**3/3 + 34*z**2. Give y(w).
-4
Suppose 2*z = -4 + 14. Let q be 4/10 + 8/z. Let d(w) = -2*w**q + 11*w + 3*w**2 - 12*w. Determine d(0).
0
Let u(o) = -4*o + 1. Let p be 3/(-9)*-1*9. Let d be -9*(1/p - 0). Let z = d - -2. Determine u(z).
5
Suppose l - 12 = f + 2*f, 4*l - 5*f - 27 = 0. Let p(t) = -3*t**3 + 2*t**3 + t - l*t**2 + t. Let i be ((-2)/(-6))/(20/(-180)). What is p(i)?
-6
Suppose 0 = -5*h - 18 + 8. Let g(s) = 3*s**3 - 5*s**2 - 5*s - 6. Let p(z) = 2*z**3 - 4*z**2 - 4*z - 5. Let v(t) = 3*g(t) - 4*p(t). Calculate v(h).
-4
Let x(v) = -4*v - 2. Let m be (4/(-12))/(1/(-6)). Determine x(m).
-10
Let d(n) = 2*n**3 - 4*n**2 + 4*n - 2. Let a(t) = -4*t - 2. Let u be a(-2). Suppose -3 = 3*z - u*z - 3*i, -2*z + 17 = -3*i. Let p = -2 + z. Calculate d(p).
6
Let b(x) = 5*x**3 - x**2 + 19*x - 3. Let f(q) = q**2 - 4*q - 8. Let v be f(6). Let